{"id":386,"date":"2022-10-26T12:26:05","date_gmt":"2022-10-26T12:26:05","guid":{"rendered":"https:\/\/esentiaacademy.com\/coc\/?page_id=386"},"modified":"2024-05-29T08:55:42","modified_gmt":"2024-05-29T08:55:42","slug":"hakkimizda","status":"publish","type":"page","link":"https:\/\/esentiaacademy.com\/coc\/hakkimizda\/","title":{"rendered":"Hakk\u0131m\u0131zda"},"content":{"rendered":"\t\t<div data-elementor-type=\"wp-page\" data-elementor-id=\"386\" class=\"elementor elementor-386\">\n\t\t\t\t\t\t<section class=\"elementor-section elementor-top-section elementor-element elementor-element-69b93c02 elementor-section-boxed elementor-section-height-default elementor-section-height-default e-parent\" data-id=\"69b93c02\" data-element_type=\"section\" data-settings=\"{&quot;background_background&quot;:&quot;classic&quot;}\">\n\t\t\t\t\t\t\t<div class=\"elementor-background-overlay\"><\/div>\n\t\t\t\t\t\t\t<div class=\"elementor-container elementor-column-gap-default\">\n\t\t\t\t\t<div class=\"elementor-column elementor-col-100 elementor-top-column elementor-element elementor-element-3a54cbd6 lakit-col-width-auto-no\" data-id=\"3a54cbd6\" data-element_type=\"column\">\n\t\t\t<div class=\"elementor-widget-wrap elementor-element-populated\">\n\t\t\t\t\t\t<div class=\"elementor-element elementor-element-5942a2d2 elementor-widget elementor-widget-heading\" data-id=\"5942a2d2\" data-element_type=\"widget\" data-widget_type=\"heading.default\">\n\t\t\t\t<div class=\"elementor-widget-container\">\n\t\t\t<h1 class=\"elementor-heading-title elementor-size-default\">Hakk\u0131m\u0131zda<\/h1>\t\t<\/div>\n\t\t\t\t<\/div>\n\t\t\t\t\t<\/div>\n\t\t<\/div>\n\t\t\t\t\t<\/div>\n\t\t<\/section>\n\t\t\t\t<section class=\"elementor-section elementor-top-section elementor-element elementor-element-acef99b elementor-section-boxed elementor-section-height-default elementor-section-height-default e-parent\" data-id=\"acef99b\" data-element_type=\"section\">\n\t\t\t\t\t\t<div class=\"elementor-container elementor-column-gap-default\">\n\t\t\t\t\t<div class=\"elementor-column elementor-col-100 elementor-top-column elementor-element elementor-element-ee2bc21 lakit-col-width-auto-no\" data-id=\"ee2bc21\" data-element_type=\"column\">\n\t\t\t<div class=\"elementor-widget-wrap elementor-element-populated\">\n\t\t\t\t\t\t<section class=\"elementor-section elementor-inner-section elementor-element elementor-element-c114af0 elementor-section-content-middle elementor-section-boxed elementor-section-height-default elementor-section-height-default\" data-id=\"c114af0\" data-element_type=\"section\">\n\t\t\t\t\t\t<div class=\"elementor-container elementor-column-gap-default\">\n\t\t\t\t\t<div class=\"elementor-column elementor-col-50 elementor-inner-column elementor-element elementor-element-a79e051 lakit-col-width-auto-no\" data-id=\"a79e051\" data-element_type=\"column\">\n\t\t\t<div class=\"elementor-widget-wrap elementor-element-populated\">\n\t\t\t\t\t\t<div class=\"elementor-element elementor-element-1c56fb9 elementor-widget elementor-widget-image\" data-id=\"1c56fb9\" data-element_type=\"widget\" data-widget_type=\"image.default\">\n\t\t\t\t<div class=\"elementor-widget-container\">\n\t\t\t\t\t\t\t\t\t\t\t\t\t<img decoding=\"async\" src=\"https:\/\/esentiaacademy.com\/coc\/wp-content\/uploads\/elementor\/thumbs\/kocluk-sertifika-programi-126-pwpbsk3y5q71tvamzebgnv5en702pdd3wngm55rakg.jpg\" title=\"kocluk-sertifika-programi-126\" alt=\"kocluk-sertifika-programi-126\" loading=\"lazy\" \/>\t\t\t\t\t\t\t\t\t\t\t\t\t<\/div>\n\t\t\t\t<\/div>\n\t\t\t\t\t<\/div>\n\t\t<\/div>\n\t\t\t\t<div class=\"elementor-column elementor-col-50 elementor-inner-column elementor-element elementor-element-1c26970 lakit-col-width-auto-no\" data-id=\"1c26970\" data-element_type=\"column\">\n\t\t\t<div class=\"elementor-widget-wrap elementor-element-populated\">\n\t\t\t\t\t\t<div class=\"elementor-element elementor-element-5ff80bd elementor-widget elementor-widget-heading\" data-id=\"5ff80bd\" data-element_type=\"widget\" data-widget_type=\"heading.default\">\n\t\t\t\t<div class=\"elementor-widget-container\">\n\t\t\t<h2 class=\"elementor-heading-title elementor-size-default\">CoC Deneyim Kul\u00fcb\u00fc<\/h2>\t\t<\/div>\n\t\t\t\t<\/div>\n\t\t\t\t<div class=\"elementor-element elementor-element-2ebbc6d elementor-widget elementor-widget-text-editor\" data-id=\"2ebbc6d\" data-element_type=\"widget\" data-widget_type=\"text-editor.default\">\n\t\t\t\t<div class=\"elementor-widget-container\">\n\t\t\t\t\t\t\t<div class=\"col col-12\"><div class=\"col col-12\"><p>CoC Deneyim Kul\u00fcb\u00fc, temel e\u011fitimlerini tamamlam\u0131\u015f ko\u00e7lar\u0131n seans yapma deneyimlerini artt\u0131rmalar\u0131 ve ICF unvan\u0131 i\u00e7in gerekli olan ko\u00e7luk g\u00f6r\u00fc\u015fme saatlerini doldurmalar\u0131 amac\u0131yla farkl\u0131 ekollerdeki ko\u00e7lar\u0131 bir araya getirip birbirlerine online ko\u00e7luk yapmalar\u0131n\u0131 sa\u011flayan bir sistemdir.<br \/>CoC bir <a href=\"https:\/\/esentiaacademy.com\/egitimler\/kocluk-sertifika-programi\"><strong>Esentia Academy<\/strong><\/a> projesidir.<\/p><p><span style=\"color: var( --e-global-color-7f08841 ); font-family: var( --e-global-typography-text-font-family ), Sans-serif; font-size: var( --e-global-typography-text-font-size ); font-weight: var( --e-global-typography-text-font-weight );\">ICF taraf\u0131ndan en \u00fcst d\u00fczey akreditasyona ve unvan s\u0131navlar\u0131 yapma yetkisine sahip olan <a href=\"https:\/\/esentiaacademy.com\/egitimler\/kocluk-sertifika-programi\">Esentia Academy<\/a>, Level-1 program\u0131yla ACC, Level-2 program\u0131yla PCC yolculu\u011funuzda ya\u015fam ko\u00e7u e\u011fitimi ve mezuniyet sonras\u0131 profesyonel ya\u015fama ge\u00e7i\u015fte sizin yan\u0131n\u0131zda olmaktan mutluluk duyar.<\/span><\/p><p><span style=\"color: var( --e-global-color-7f08841 ); font-family: var( --e-global-typography-text-font-family ), Sans-serif; font-size: var( --e-global-typography-text-font-size ); font-weight: var( --e-global-typography-text-font-weight );\"><a href=\"https:\/\/esentiaacademy.com\/egitimler\/kocluk-sertifika-programi\">Esentia Academy<\/a><\/span>, \u201cProfessional Coaching Certificate Program\u201d en \u00fcst d\u00fczey ICF akreditasyonuna sahiptir ve ya\u015fam ko\u00e7lu\u011fu e\u011fitiminde ICF temel yetkinliklerine uygun \u015fekilde, her insan\u0131n muazzam bir potansiyel oldu\u011fundan hareketle farkl\u0131l\u0131\u011fa de\u011fer veren ve yarg\u0131lamak yerine anlamaya odaklanan bir anlay\u0131\u015fla haz\u0131rlanm\u0131\u015ft\u0131r. ICF Ko\u00e7luk E\u011fitimi Sertifika Program\u0131m\u0131z, Thomas Leonard\u2019\u0131n olu\u015fturdu\u011fu ko\u00e7luk esaslar\u0131na ba\u011fl\u0131 kalarak Fritz Perls\u2019in Gestalt ekol\u00fcn\u00fc benimsemi\u015ftir. Ayr\u0131ca Bili\u015fsel Davran\u0131\u015f\u00e7\u0131 Ko\u00e7luk ve NLP tekniklerinin ko\u00e7lu\u011fa uyarlanm\u0131\u015f etkili y\u00f6ntemlerini bar\u0131nd\u0131rmaktad\u0131r.<\/p><p>Esentia Academy hakk\u0131nda detayl\u0131 bilgi i\u00e7in <span style=\"color: #000000;\"><a style=\"color: #000000;\" href=\"https:\/\/esentiaacademy.com\/\" target=\"_blank\" rel=\"noopener\"><span style=\"text-decoration: underline;\"><strong>t\u0131klay\u0131n\u0131z.<\/strong><\/span><\/a><\/span><\/p><\/div><\/div>\t\t\t\t\t\t<\/div>\n\t\t\t\t<\/div>\n\t\t\t\t\t<\/div>\n\t\t<\/div>\n\t\t\t\t\t<\/div>\n\t\t<\/section>\n\t\t\t\t\t<\/div>\n\t\t<\/div>\n\t\t\t\t\t<\/div>\n\t\t<\/section>\n\t\t\t\t<section class=\"elementor-section elementor-top-section elementor-element elementor-element-fd506af elementor-section-boxed elementor-section-height-default elementor-section-height-default e-parent\" data-id=\"fd506af\" data-element_type=\"section\">\n\t\t\t\t\t\t<div class=\"elementor-container elementor-column-gap-default\">\n\t\t\t\t\t<div class=\"elementor-column elementor-col-100 elementor-top-column elementor-element elementor-element-e055dd6 lakit-col-width-auto-no\" data-id=\"e055dd6\" data-element_type=\"column\">\n\t\t\t<div class=\"elementor-widget-wrap elementor-element-populated\">\n\t\t\t\t\t\t<div class=\"elementor-element elementor-element-a57fab7 elementor-widget elementor-widget-image\" data-id=\"a57fab7\" data-element_type=\"widget\" data-widget_type=\"image.default\">\n\t\t\t\t<div class=\"elementor-widget-container\">\n\t\t\t\t\t\t\t\t\t\t\t\t\t\t<a href=\"https:\/\/esentiaacademy.com\" target=\"_blank\">\n\t\t\t\t\t\t\t<img fetchpriority=\"high\" decoding=\"async\" width=\"300\" height=\"300\" src=\"https:\/\/esentiaacademy.com\/coc\/wp-content\/uploads\/2024\/05\/Yeni-donem-27-Agustosta-4-300x300.png\" class=\"attachment-medium size-medium wp-image-476\" alt=\"\" srcset=\"https:\/\/esentiaacademy.com\/coc\/wp-content\/uploads\/2024\/05\/Yeni-donem-27-Agustosta-4-300x300.png 300w, https:\/\/esentiaacademy.com\/coc\/wp-content\/uploads\/2024\/05\/Yeni-donem-27-Agustosta-4-1024x1024.png 1024w, https:\/\/esentiaacademy.com\/coc\/wp-content\/uploads\/2024\/05\/Yeni-donem-27-Agustosta-4-150x150.png 150w, https:\/\/esentiaacademy.com\/coc\/wp-content\/uploads\/2024\/05\/Yeni-donem-27-Agustosta-4-768x768.png 768w, https:\/\/esentiaacademy.com\/coc\/wp-content\/uploads\/2024\/05\/Yeni-donem-27-Agustosta-4.png 1080w\" sizes=\"(max-width: 300px) 100vw, 300px\" \/>\t\t\t\t\t\t\t\t<\/a>\n\t\t\t\t\t\t\t\t\t\t\t\t\t<\/div>\n\t\t\t\t<\/div>\n\t\t\t\t\t<\/div>\n\t\t<\/div>\n\t\t\t\t\t<\/div>\n\t\t<\/section>\n\t\t\t\t<\/div>\n\t\t","protected":false},"excerpt":{"rendered":"<p>CoC Deneyim Kul\u00fcb\u00fc CoC Deneyim Kul\u00fcb\u00fc, temel e\u011fitimlerini tamamlam\u0131\u015f ko\u00e7lar\u0131n seans yapma deneyimlerini artt\u0131rmalar\u0131 ve ICF unvan\u0131 i\u00e7in gerekli olan ko\u00e7luk g\u00f6r\u00fc\u015fme saatlerini doldurmalar\u0131 amac\u0131yla farkl\u0131 ekollerdeki ko\u00e7lar\u0131 bir araya getirip birbirlerine online ko\u00e7luk yapmalar\u0131n\u0131 sa\u011flayan bir sistemdir.CoC bir Esentia Academy projesidir. ICF taraf\u0131ndan en \u00fcst d\u00fczey akreditasyona ve unvan s\u0131navlar\u0131 yapma yetkisine sahip olan [&hellip;]<\/p>\n","protected":false},"author":1,"featured_media":0,"parent":0,"menu_order":0,"comment_status":"closed","ping_status":"closed","template":"elementor_header_footer","meta":{"footnotes":""},"class_list":["post-386","page","type-page","status-publish","hentry"],"_links":{"self":[{"href":"https:\/\/esentiaacademy.com\/coc\/wp-json\/wp\/v2\/pages\/386","targetHints":{"allow":["GET"]}}],"collection":[{"href":"https:\/\/esentiaacademy.com\/coc\/wp-json\/wp\/v2\/pages"}],"about":[{"href":"https:\/\/esentiaacademy.com\/coc\/wp-json\/wp\/v2\/types\/page"}],"author":[{"embeddable":true,"href":"https:\/\/esentiaacademy.com\/coc\/wp-json\/wp\/v2\/users\/1"}],"replies":[{"embeddable":true,"href":"https:\/\/esentiaacademy.com\/coc\/wp-json\/wp\/v2\/comments?post=386"}],"version-history":[{"count":37,"href":"https:\/\/esentiaacademy.com\/coc\/wp-json\/wp\/v2\/pages\/386\/revisions"}],"predecessor-version":[{"id":479,"href":"https:\/\/esentiaacademy.com\/coc\/wp-json\/wp\/v2\/pages\/386\/revisions\/479"}],"wp:attachment":[{"href":"https:\/\/esentiaacademy.com\/coc\/wp-json\/wp\/v2\/media?parent=386"}],"curies":[{"name":"wp","href":"https:\/\/api.w.org\/{rel}","templated":true}]}}